 v(i) = -i**3 - 3*i + 8. Determine v(-4).
84
Let r(v) = v**2 - 5. Calculate r(4).
11
Let c(a) = -a**3 - a**2 - 4*a. What is c(-2)?
12
Let v(h) = 2*h**2 - 2*h + 6. What is v(4)?
30
Let z(g) = g - 15. Determine z(23).
8
Let y(v) = -v**2 - 21*v + 191. What is y(7)?
-5
Let r(c) = -18*c + 13. What is r(-3)?
67
Let q(j) = j**3 - 2*j + 3. Give q(2).
7
Let b(s) = -s**2 - 56*s - 8. What is b(0)?
-8
Let x(d) = 4*d + 9. Give x(-9).
-27
Let g(u) = -3*u**2 - u - 2. Calculate g(4).
-54
Let s(a) = -2*a**3 - 24*a**2 - 3*a - 30. Give s(-12).
6
Let u(z) = z**2 + 3*z + 3. What is u(-4)?
7
Let l(g) = -5*g - 2. Give l(-6).
28
Let b(d) = d**2 + 5*d - 22. What is b(-8)?
2
Let c(o) = -o**3 + 10*o**2 - 17*o + 9. Give c(8).
1
Let s(k) = 3*k - 8. Give s(-8).
-32
Let l(p) = p**3 + 28*p**2 + 32*p + 138. Determine l(-27).
3
Let j(u) = 2*u**2 - 55*u - 76. Calculate j(29).
11
Let i(m) = m**2 + 12*m + 8. Give i(-10).
-12
Let k(z) = 2*z + 3. Give k(-4).
-5
Let z(h) = -4*h + 2. What is z(-2)?
10
Let h(s) = -s**3 + 13*s**2 - 26*s + 38. Determine h(11).
-6
Let g(j) = -5*j**2 + 2. Give g(2).
-18
Let x(s) = -s**3 - 7*s**2 - 4*s - 10. Give x(-7).
18
Let s(t) = t**3 - 3*t - 1. Determine s(3).
17
Let f(j) = 2*j - 8. What is f(0)?
-8
Let r(b) = b**3 - 9*b**2 - 12*b + 19. What is r(10)?
-1
Let p(i) = -24*i - 19. Give p(-2).
29
Let j(p) = -7*p - 49. Determine j(-8).
7
Let o(m) = 14*m - 55. What is o(4)?
1
Let x(k) = -k**2 + 9*k + 9. What is x(11)?
-13
Let z(y) = -14*y**3 - 4*y - 3. What is z(-2)?
117
Let u(n) = -6*n - 1. Calculate u(-18).
107
Let v(s) = -2*s**2 - 32*s - 6. Determine v(-16).
-6
Let c(y) = -y**2 - 1. Calculate c(1).
-2
Let f(l) = -l**2 + 2*l + 38. Calculate f(0).
38
Let a(g) = -18*g. Calculate a(-4).
72
Let s(o) = -o**2 - 2*o + 9. Determine s(4).
-15
Let s(c) = -c + 5. What is s(5)?
0
Let r(b) = -b**3 + 18*b**2 + 17*b + 36. Determine r(19).
-2
Let o(u) = -u**2 + 7*u - 8. What is o(5)?
2
Let y(b) = b**3 + b**2 - 12*b + 9. Give y(-6).
-99
Let v(x) = -26*x + 292. Calculate v(11).
6
Let j(k) = -30*k + 299. Give j(10).
-1
Let g(m) = 2*m**3 - 3*m**2 + m - 1. What is g(3)?
29
Let s(m) = -m**3 - 4*m**2 + m + 11. What is s(-4)?
7
Let b(c) = c**2 + 5*c + 13. Determine b(-4).
9
Let z(d) = -d**2 + 12*d + 17. Calculate z(11).
28
Let h(n) = -n**2 - n + 5. Calculate h(5).
-25
Let y(o) = -3*o**2 + 5*o + 5. Give y(2).
3
Let q(v) = -2*v + 8. What is q(6)?
-4
Let t(u) = u**2 + 3*u. What is t(-2)?
-2
Let k(o) = 2*o - 1. Determine k(8).
15
Let w(o) = 32*o**2 + o + 2. Determine w(-1).
33
Let v(x) = -x**3 - 9*x**2 + 19*x - 35. Calculate v(-11).
-2
Let q(z) = -z**3 - 6*z**2 - 5*z + 2. What is q(-4)?
-10
Let t(d) = -6*d**2 + 4*d + 12. What is t(-3)?
-54
Let d(a) = a**2 + 6*a + 11. Calculate d(-5).
6
Let h(f) = f**2 - 20*f + 87. Calculate h(14).
3
Let b(x) = x**2 - 22*x - 190. Give b(29).
13
Let u(s) = -s**3 - 12*s**2 - 8*s + 19. Give u(-11).
-14
Let v(a) = 5*a + 30. Determine v(-7).
-5
Let u(l) = -11*l - 819. What is u(-74)?
-5
Let j(z) = -z**3 - 12*z**2 + 13*z - 1. What is j(-13)?
-1
Let c(j) = j**2 - 16*j - 21. Calculate c(18).
15
Let k(u) = 12*u - 42. What is k(2)?
-18
Let j(x) = -x**3 - 9*x**2 - 30*x - 113. Give j(-7).
-1
Let d(c) = 3*c**2 + c - 1. Calculate d(2).
13
Let z(r) = 4*r - 76. What is z(25)?
24
Let m(f) = -f**2 - 9*f + 4. What is m(-9)?
4
Let w(y) = -y**2 - 6*y + 26. What is w(-9)?
-1
Let p(x) = 56*x - 327. Determine p(6).
9
Let s(i) = 4*i - 18. Calculate s(6).
6
Let v(m) = 7*m - 13. Calculate v(15).
92
Let t(x) = x + 6. Calculate t(6).
12
Let t(z) = 8*z - 4. What is t(0)?
-4
Let r(y) = -y**2 - 35*y - 3. Determine r(-36).
-39
Let j(q) = q**3 + 26*q**2 - 90*q - 71. Calculate j(-29).
16
Let q(n) = n + 1. What is q(8)?
9
Let f(q) = -q + 4. Determine f(6).
-2
Let r(b) = -6*b - 6. What is r(5)?
-36
Let y(t) = 3*t**3 - t**2 - 3*t + 2. Determine y(2).
16
Let o(z) = z**3 - 6*z**2 + 8*z + 1. Determine o(4).
1
Let n(x) = -12*x**2 + 134*x + 14. What is n(11)?
36
Let x(b) = -b**2 - 15*b - 21. Give x(-13).
5
Let f(i) = -i**3 - 6*i**2 + 2*i + 8. Calculate f(-6).
-4
Let z(a) = -a**3 + 8*a**2 + 13*a - 56. Calculate z(9).
-20
Let k(u) = 2*u**2 - 8*u + 6. What is k(5)?
16
Let x(a) = -2*a - 22. Calculate x(-11).
0
Let c(x) = x**2 - 7*x + 28. What is c(5)?
18
Let t(j) = -j**2 - 3*j - 7. Give t(11).
-161
Let z(k) = -k**2 + 22*k - 74. Give z(3).
-17
Let m(s) = s**3 + 5*s**2 - 3*s - 2. Determine m(-5).
13
Let o(s) = 4*s**2 - s - 7. Give o(-3).
32
Let t(s) = -20*s - 54. Give t(-3).
6
Let x(d) = -4*d - 15. What is x(-8)?
17
Let r(y) = -y**2 - 13*y - 8. What is r(-11)?
14
Let t(q) = -115*q**2 + 2*q. Determine t(1).
-113
Let p(x) = 3*x**3 - 2*x**2 - 6*x - 3. Give p(-2).
-23
Let x(d) = -d**2 + 22*d + 362. What is x(33)?
-1
Let a(q) = q**2 - 2. Calculate a(-2).
2
Let n(u) = u**3 + 12*u**2 - 20*u - 26. Calculate n(-14).
-138
Let g(c) = 2*c**2 - 34*c + 84. Give g(14).
0
Let f(h) = h**3 + 7*h**2 - 4*h - 10. Determine f(-7).
18
Let l(v) = -4*v - 12. Give l(-7).
16
Let l(x) = x - 19. Determine l(15).
-4
Let x(k) = -4*k + 113. Determine x(33).
-19
Let m(n) = -n**3 + 18*n**2 - n - 2. Determine m(18).
-20
Let z(f) = -f**2 - f + 3. Calculate z(9).
-87
Let r(x) = -2*x**3 + 3*x**2. Calculate r(3).
-27
Let a(j) = j - 1. Calculate a(2).
1
Let u(c) = c - 18. Calculate u(10).
-8
Let h(j) = -j**2 - 5*j - 11. Calculate h(-6).
-17
Let z(n) = n**2 - 11*n + 4. Give z(9).
-14
Let s(u) = -30*u - 87. Determine s(-3).
3
Let d(x) = x**3 + 9*x**2 - 16*x - 11. Calculate d(-10).
49
Let v(f) = 33*f + 65. Calculate v(-2).
-1
Let n(t) = t**3 + 6*t**2 + 6*t. Calculate n(-4).
8
Let d(k) = 22*k + 17. Give d(-9).
-181
Let m(i) = i**2 - 11*i + 21. Calculate m(14).
63
Let o(c) = 4*c + 28. Determine o(-6).
4
Let j(u) = 12*u**2 + u + 1. Determine j(-1).
12
Let y(d) = d**3 + 5*d**2 + 6*d + 6. Give y(-3).
6
Let q(b) = -3*b**2 - 6*b + 2. Determine q(-5).
-43
Let w(v) = 19*v**3 - v - 1. Calculate w(-1).
-19
Let o(c) = -20*c**3 + 8*c**2 + c - 2. Calculate o(1).
-13
Let n(a) = a + 4. What is n(13)?
17
Let z(f) = -f**3 - 4*f**2 - 3*f - 6. Give z(-4).
6
Let o(g) = 35*g**3 + g**2 + g + 1. Determine o(-1).
-34
Let y(r) = -12*r + 255. Give y(20).
15
Let g(x) = 3*x**3 - x**2 - x. Give g(-1).
-3
Let b(d) = -d**2 - 4*d - 2. Determine b(0).
-2
Let u(o) = -13*o - 87. What is u(-7)?
4
Let k(a) = a**2 - a + 15. Determine k(0).
15
Let y(u) = -4*u**2 + 18*u - 5. Give y(3).
13
Let w(c) = -6*c**2 + c. Give w(-2).
-26
Let l(d) = -2*d**3 - 28*d**2 - 23*d + 40. Calculate l(-13).
1
Let j(d) = d**3 + 5*d**2 + 5*d + 6. Determine j(-3).
9
Let l(p) = -12*p - 3. What is l(-3)?
33
Let r(m) = m**3 + m**2 + 44. Determine r(0).
44
Let w(j) = -j**2 - j - 7. What is w(-5)?
-27
Let t(q) = -q - 3. Give t(-1).
-2
Let o(w) = w**3 + 7*w - 14. Determine o(2).
8
Let l(u) = -u**2 - 18*u - 60. What is l(-14)?
-4
Let a(z) = z**3 - 4*z**2 + 2*z + 5. Give a(5).
40
Let b(x) = -8*x + 32. Give b(4).
0
Let s(h) = h**3 + 5*h**2 - 9*h - 2. Determine s(-5).
43
Let w(v) = 3*v + 5. Calculate w(-7).
-16
Let u(b) = b**2 + 2*b - 11. Calculate u(-6).
13
Let c(q) = -7*q**2 + 23*q - 4. What is c(3)?
2
Let l(w) = -w**3 - 20*w**2 - 67*w - 36. Give l(-16).
12
Let w(b) = -b**2 + 3*b + 10. What is w(-3)?
-8
Let y(x) = x**3 + 7*x**2 + x + 4. Give y(-7).
-3
Let y(d) = -d**3 + d**2 - d + 19. What is y(3)?
-2
Let y(n) = n**3 + 19*n**2 + 59*n - 7. What is y(-15)?
8
Let v(h) = 7*h**2 + 31*h - 17. Determine v(-5).
3
Let u(a) = -17*a - 86. Calculate u(-5).
-1
Let c(y) = y**3 + y**2 - y + 5. Give c(0).
5
Let g(d) = -3*d - 43. Give g(13).
-82
Let o(p) = -p - 4. Give o(5).
-9
Let c(i) = -3*i**2 + 17*i + 2. Calculate c(6).
-4
Let d(j) = -j**3 + 6*j**2 - 4*j - 7. Determine d(4).
9
Let g(r) = r**3 + 39*r**2 - 40*r. Calculate g(-40).
0
Let b(a) = a**2 + 28*a - 57. Calculate b(-30).
3
Let f(k) = k**3 + 14*k**2 - 19*k - 25. Calculate f(-15).
35
Let a(n) = -n**2 - 9*n + 16. Determine a(-11).
-6
Let n(u) = -3*u**3 - 39*u**2 + 8. Calculate n(-13).
8
Let f(z) = -z**3 - 7*z**2 + 5*z - 14. Give f(-8).
10
Let g(f) = 3*f + 3. What is g(1)?
6
Let g(m) = 2*m. Calculate g(2).
4
Let t(r) = r - 11. What is t(3)?
-8
Let n(z) = 2*z**2 + z - 2. Calculate n(2).
8
Let r(c) = 12*c - 3. Calculate r(1).
9
Let h(r) = r**3 - 5*r**2 - 3*r - 10. Determine h(6).
8
Let t(p) = -312*p - 2191. Give t(-7).
-7
Let j(f) = 19*f + 9. Calculate j(-1).
-10
Let r(a)